 and 31459.
193
What is the greatest common divisor of 434395 and 2771?
163
What is the highest common factor of 20 and 60501205?
5
Calculate the highest common factor of 2752 and 1484704.
1376
Calculate the highest common factor of 245206782 and 4496.
562
Calculate the greatest common factor of 2753 and 337939009.
2753
What is the highest common factor of 1354502 and 15387?
223
Calculate the greatest common factor of 60184607 and 357.
119
What is the greatest common divisor of 416 and 574268?
4
Calculate the greatest common divisor of 1169 and 1207283.
7
Calculate the greatest common divisor of 1045 and 129299104.
209
Calculate the highest common divisor of 516 and 111204708.
516
Calculate the highest common factor of 29500 and 4295.
5
What is the greatest common factor of 1880 and 2081992?
8
What is the greatest common factor of 433911546 and 18?
18
Calculate the greatest common divisor of 137352 and 1555476.
708
Calculate the greatest common factor of 88 and 98420784.
88
What is the highest common factor of 13979512 and 6510?
62
Calculate the highest common divisor of 20008 and 6486496.
488
Calculate the greatest common factor of 3 and 17437368.
3
What is the greatest common divisor of 173112720 and 2530?
2530
Calculate the highest common factor of 80 and 106596920.
40
What is the greatest common divisor of 366059005 and 155?
155
Calculate the highest common divisor of 50202 and 431208.
18
What is the greatest common factor of 4094 and 5709083?
2047
What is the greatest common divisor of 18745 and 1524865?
815
What is the highest common divisor of 662871 and 134673?
1749
Calculate the greatest common factor of 17638849 and 386.
193
Calculate the highest common divisor of 15532 and 8056872.
1412
Calculate the highest common divisor of 36 and 75104748.
36
What is the greatest common divisor of 12024 and 3790872?
72
Calculate the greatest common factor of 330 and 1351141.
11
What is the highest common divisor of 15379771 and 33?
11
What is the greatest common factor of 104 and 378703?
13
Calculate the highest common factor of 14544030 and 50.
10
What is the highest common factor of 57834 and 25313?
17
Calculate the greatest common factor of 117382 and 29540107.
3089
What is the greatest common factor of 1057491771 and 4179?
4179
Calculate the greatest common factor of 1078774859 and 93.
31
Calculate the greatest common factor of 2294478 and 646.
38
What is the highest common factor of 1739 and 27175635?
47
Calculate the highest common factor of 10612966 and 77.
7
What is the highest common factor of 90782818 and 124?
62
Calculate the highest common divisor of 792 and 248448.
24
Calculate the greatest common factor of 782284 and 80684.
3508
Calculate the greatest common factor of 11528 and 32824.
88
Calculate the greatest common divisor of 97751 and 12189.
239
Calculate the greatest common divisor of 368 and 793160336.
368
What is the highest common factor of 2286428 and 154736?
2036
What is the highest common factor of 106684 and 48276?
596
Calculate the highest common divisor of 2235 and 406091305.
745
Calculate the greatest common divisor of 50731954 and 54782.
1274
Calculate the highest common divisor of 111890 and 318920.
670
What is the highest common divisor of 15265 and 2142905?
215
What is the greatest common divisor of 18436 and 25890848?
1676
What is the greatest common factor of 74955 and 6722280?
3945
What is the highest common divisor of 1918050 and 699675?
1425
What is the highest common divisor of 735 and 3658585?
245
Calculate the highest common factor of 1284811 and 3931939.
2981
What is the greatest common divisor of 1638697 and 158?
79
Calculate the highest common factor of 643842 and 2538.
54
Calculate the greatest common divisor of 822744 and 201474.
702
What is the greatest common factor of 6586325 and 109?
109
Calculate the highest common factor of 2378 and 70324594.
2378
What is the greatest common divisor of 8881860 and 38220?
780
Calculate the greatest common divisor of 3633906 and 498.
498
What is the greatest common factor of 3396 and 7964469?
849
Calculate the greatest common factor of 3 and 17133381.
3
Calculate the greatest common divisor of 10398485 and 584.
73
What is the greatest common factor of 1310 and 3681362?
262
Calculate the highest common factor of 816953592 and 468.
156
Calculate the highest common divisor of 69586 and 529848.
22
Calculate the greatest common factor of 19688 and 1674308.
92
What is the highest common divisor of 1057412 and 36?
4
Calculate the highest common divisor of 898065 and 21.
21
What is the highest common factor of 22912 and 419407024?
2864
What is the greatest common divisor of 187 and 37991855?
187
What is the highest common factor of 3637630 and 88960?
1390
Calculate the greatest common divisor of 416 and 2505632.
32
Calculate the highest common divisor of 931 and 448571.
19
What is the greatest common factor of 3656 and 16291593?
457
Calculate the highest common factor of 36 and 5200460.
4
Calculate the greatest common factor of 2709 and 1270584.
63
What is the highest common factor of 132 and 256039806?
66
Calculate the highest common factor of 101710 and 2270.
10
Calculate the highest common divisor of 562 and 3464.
2
Calculate the highest common divisor of 6974 and 376354.
22
Calculate the greatest common factor of 10826 and 1676.
2
Calculate the greatest common factor of 63660368 and 80.
16
Calculate the highest common factor of 130 and 3738865.
65
Calculate the highest common divisor of 34765614 and 52.
26
What is the greatest common factor of 658872 and 488?
8
Calculate the highest common divisor of 38 and 31064297.
19
What is the highest common factor of 249650975 and 532?
133
Calculate the greatest common divisor of 16807 and 4130749.
343
What is the greatest common factor of 10754916 and 2?
2
Calculate the highest common factor of 1923 and 1102975751.
641
What is the greatest common divisor of 26922322 and 952?
238
What is the highest common factor of 188714 and 3554?
2
What is the highest common factor of 337358885 and 580?
145
Calculate the greatest common factor of 3682465 and 1320.
5
Calculate the greatest common factor of 720 and 12925980.
180
Calculate the highest common factor of 39072 and 3090912.
1056
Calculate the greatest common divisor of 182028 and 16.
4
Calculate the highest common factor of 445760 and 8120.
280
What is the highest common divisor of 29627 and 8076991?
559
What is the highest common divisor of 32779786 and 1846?
26
What is the highest common factor of 673238 and 2528?
158
Calculate the greatest common factor of 4146283495 and 445.
445
Calculate the greatest common factor of 484 and 3699530472.
484
Calculate the highest common divisor of 1580460 and 357.
21
Calculate the greatest common divisor of 60841865 and 2135.
35
Calculate the highest common factor of 11384624 and 16.
16
What is the greatest common factor of 13020 and 14212260?
1860
Calculate the highest common factor of 2850 and 651852.
114
What is the greatest common factor of 27 and 533189493?
27
What is the greatest common divisor of 3462700 and 100?
100
What is the greatest common divisor of 11324830 and 2640?
110
What is the greatest common factor of 7150 and 1750450?
650
Calculate the highest common factor of 1607670 and 2295.
45
What is the greatest common divisor of 46565 and 2100?
5
Calculate the highest common factor of 47371382 and 2778.
926
What is the highest common factor of 529 and 11558121?
529
Calculate the greatest common divisor of 24869 and 9578391.
1913
What is the highest common factor of 3985 and 645255185?
3985
What is the highest common factor of 87196458 and 7861?
1123
Calculate the greatest common divisor of 23926 and 17780436.
3418
What is the greatest common divisor of 2658636 and 13500?
108
What is the highest common factor of 108 and 3798927?
27
Calculate the highest common divisor of 3024061 and 1333.
43
What is the highest common divisor of 335690283 and 261?
87
Calculate the greatest common divisor of 3608 and 1817288.
88
What is the highest common factor of 197713582 and 56601?
6289
What is the greatest common divisor of 63 and 21226149?
63
What is the greatest common factor of 43570 and 13040?
10
Calculate the greatest common factor of 170